pose -32 = -x*h + 16. What is the units digit of h?
2
Let o be -6*(-2)/(-6)*-2. Suppose o*z = 37 - 13. What is the units digit of z?
6
Suppose 10*w = 6*w. Let z be (-3)/(6/11)*-2. Suppose -n + 6 + z = w. What is the units digit of n?
7
Let q be ((-2)/(-4))/((-2)/(-4)). Suppose q - 11 = y. Let v = 18 + y. What is the units digit of v?
8
Let f(l) = l**2 - 5*l - 10. Let k be f(7). What is the units digit of (k/6)/(4/66)?
1
What is the tens digit of 1081/22*6 + 8/44?
9
Let i = -57 + 84. Let j = -25 - -12. Let c = j + i. What is the units digit of c?
4
Let w be 12/1*(-25)/(-15). What is the units digit of (-4)/(-5)*w/2?
8
Suppose -n = 5*k - 34, 3*k + 28 + 86 = 5*n. What is the tens digit of n?
2
Let r(k) = -k + 33. What is the units digit of r(0)?
3
Let x(r) = -r - 3. Let z be x(-3). Suppose 5*k - 5*c + 12 + 8 = z, 0 = 4*k - 5*c + 21. What is the units digit of k?
1
Let v be 6/9 + (-28)/(-3). What is the units digit of (12/v)/(10/125)?
5
Let n = 5 - 10. Let b(i) = i + 6. Let t be b(n). What is the units digit of -1 - (t - 10)/1?
8
What is the units digit of ((-1)/1)/(2*(-2)/36)?
9
Let i(y) = y**2 + 9*y + 12. Let t be i(-8). What is the units digit of t/(-10) - 94/(-10)?
9
Let l(g) = g - 7. Let b be l(-6). Let o = -2 - b. What is the units digit of o?
1
Suppose 5*l - 2 = 4*t, 3*t - 6*l + 4 = -l. Let h(j) = -3*j**2 - t + 3 + 5*j**2 - j**2. What is the units digit of h(2)?
5
What is the hundreds digit of 8/44 - (9012/(-44) + 2)?
2
Suppose 171 = 5*m - 159. What is the units digit of m?
6
Suppose 2*a + a + 3*j = -33, 3*a - 2 = 4*j. Let z(r) = r**2 + 7*r + 15. What is the units digit of z(a)?
9
Suppose g - 2*g = 3. Let j = g - -6. Suppose 2*z + j*z - 20 = 0. What is the units digit of z?
4
Let y(g) = 8*g**2 - g + 1. What is the tens digit of y(2)?
3
Let z = -5 + 7. Suppose z*n + 3*n = 4*u + 16, -3*u + 3 = 0. Suppose 0*s + 17 = 4*t - 5*s, n*s + 28 = 5*t. What is the units digit of t?
8
Let y(p) = p**2 + 8*p. Let v(i) = -i**2 - 6*i - 8. Let k be v(-6). Let r be y(k). What is the units digit of -1*(r - (14 - 1))?
3
Suppose -23*i = -20*i - 672. What is the hundreds digit of i?
2
What is the tens digit of (888/(-30))/((-10)/75)?
2
Let h(n) = -3*n - 3. Let p(b) = b - 4. Let t be p(3). Let l be (2/(2/2))/t. What is the units digit of h(l)?
3
What is the units digit of (-28)/(-4) + (-4 - -1)?
4
Suppose 120 = 3*l + 3*c, 3*l = -5*c + 4*c + 110. What is the tens digit of l?
3
Let q be (-2)/(-1) + 2 - -1. Suppose -244 = -2*s + 3*i, 4*s + 101 - 569 = i. Suppose -q*w + s = 36. What is the tens digit of w?
1
Let h(k) = 7*k + 0*k - 2*k - 4 + 0*k. What is the tens digit of h(3)?
1
Let b be 0/((-1)/(1 - 2)). Suppose 0 = -b*p - 5*p - 20. Let i = 2 - p. What is the units digit of i?
6
Let a = 12 + -9. Suppose 5*n - 86 = a*f, f + 4 = n - 14. What is the units digit of n?
6
Let z(b) = -2*b - 2. Let g be z(-3). Let i = 4 + g. What is the units digit of i?
8
Let o(x) = x**2 - 8*x + 2. Let f be o(8). Let h(g) be the second derivative of g**4/12 + g**3/6 - g**2/2 - 2*g. What is the units digit of h(f)?
5
Suppose -4*w = -w - 5*a - 5, 3*a = 4*w - 25. Let o be -2*(-3)/4*2. Suppose -5 = -o*c + w. What is the units digit of c?
5
Let c(i) = 2*i**2 + 11*i - 22. What is the units digit of c(-9)?
1
Let l = 10 - 20. Let m(k) = -4*k - 15. What is the units digit of m(l)?
5
Suppose 11 = -2*d - 1. What is the tens digit of ((-42)/4)/(3/d)?
2
Suppose -3*s = 3*m - 12, 4*m - 8 = -0*s + 4*s. What is the units digit of (3/6)/(s/38)?
9
Suppose 6*t = 7*t - 44. What is the units digit of t?
4
Suppose 4*m - 12 - 6 = 5*o, -2*m - 2*o = 0. Let l(a) = a**3 - 2*a**2 + a + 1. What is the units digit of l(m)?
3
Let n(w) = -w - 1. Suppose -2*z = t - 8, 2*t - 14 = z - 4*z. Suppose 3*m - 46 = t*k - 13, 0 = -5*k + 2*m - 36. What is the units digit of n(k)?
5
Let s(d) = 3*d + 3. Let g be s(3). What is the units digit of 2/(g/(-7) + 2)?
7
Let v(h) = h - 1. Suppose -2*d - 4 + 41 = 5*f, 0 = -2*d + 4*f + 46. Suppose 3*j - 2*y = -5*y + d, 0 = 2*j + 3*y - 18. What is the units digit of v(j)?
2
Suppose 3*g + 144 = -x, 5*x + 13 + 131 = -3*g. What is the units digit of -6 - -4 - 0 - g?
6
Suppose 0 = -2*g + 9 - 11. What is the tens digit of (33/1 - g)/2?
1
Let k be (8 - 8) + 2 + -1. Suppose 1 + k = q. What is the units digit of q?
2
Suppose 1317 - 32 = 5*y. What is the units digit of y?
7
Let z(t) = -3*t - 7. Let a be z(-3). Suppose a*s - 10 = -p - 4*p, 0 = 3*s + 4*p - 22. What is the tens digit of s?
1
Suppose -125 = -4*b - b. What is the units digit of b?
5
Suppose -k + 7*q - 2*q = 0, -3*k = 4*q - 76. Let x = 45 - k. What is the tens digit of x?
2
Let j(k) = k**2 + 1. Let c(y) = -3*y**2 - 4*y - 1. Let q(p) = -c(p) - 4*j(p). Let r be q(2). What is the units digit of (r/2)/(1/12)?
6
Let b(c) = 1 + 0 + 4*c - c. Suppose -2*i + 6 = -0*i. What is the units digit of b(i)?
0
Suppose -5*o + 9 = -6. Let c be (-2 - -2) + -1 + o. Let z = 3 - c. What is the units digit of z?
1
Let l(b) = -b + 7. Let u be l(0). Let t be 2*u/3*3. Suppose 0 = 3*h + k - 11, 3*h + 2*k - 2 = t. What is the units digit of h?
2
Let i be (-1)/(-3)*(6 + 0). Let r(f) = 11*f - f**i + 9 - 6 + 4. What is the tens digit of r(10)?
1
What is the units digit of (0 - 1)*-1*39?
9
What is the units digit of 12/54 - 304/(-9)?
4
Suppose -5*k - v + 821 = 0, 4*k + v = -v + 658. What is the hundreds digit of k?
1
Let k be 7/(-21) + (-11)/3. Let j(t) = -t**3 - 2*t**2 + 7*t + 6. What is the units digit of j(k)?
0
Let u = -22 - -37. What is the units digit of u?
5
Let i(w) = -w - 5. Let t be i(-8). What is the units digit of (t/2)/((-6)/(-16))?
4
Suppose 4*q - 5*o - 200 = -o, 5*q - 2*o = 262. What is the units digit of q?
4
Let o be 110/25 - 4/10. Suppose 2*p - 5*a + 2 = o, 0 = 2*a - 4. Let q = 12 - p. What is the units digit of q?
6
Suppose -4*o + 4 = g, g + 3*o - 1 = -2*o. Let q = 30 - g. What is the units digit of q?
4
Suppose -25*h = -21*h - 1084. What is the tens digit of h?
7
What is the units digit of (-654)/(-5) - (-8)/40 - 0?
1
Let r = 0 - 0. Suppose 3*a - 2*i - 5 = r, a - 2*i = -i + 1. What is the units digit of a?
3
Suppose 0 = -i - i + 4. Suppose -5*y + 5*w + 14 + 31 = 0, -5*w - 3 = i*y. Let z(o) = -o**3 + 5*o**2 + 6*o + 4. What is the units digit of z(y)?
4
Let q be (-46)/4 - 2/(-4). Let y = q + 25. What is the tens digit of y?
1
Let l = 185 - 86. What is the units digit of l?
9
Suppose g - 3 = -2. Let c be 0/((-2)/(g*-2)). Suppose 3*p = -c*p + 18. What is the units digit of p?
6
Suppose 62 = 2*b + i - 28, i = 4*b - 168. What is the tens digit of b?
4
Suppose 3*m - 243 = -3*d, 0 = m + 4*m + d - 393. What is the units digit of m?
8
Suppose 0 = -16*y + 3*y + 598. What is the units digit of y?
6
Let s be 675/10 + (-1)/(-2). Suppose 0 = 2*k - 6*k + s. What is the tens digit of k?
1
Suppose -3*s - 2*s = -25. Suppose 0*r - 45 = -s*r. What is the units digit of r?
9
Let q(f) = -7*f - 4. Let o be q(-3). Let h = 8 + o. What is the tens digit of h?
2
Let t = 30 - 18. What is the tens digit of t?
1
Let r be 10*(-1 + (-2)/(-4)). What is the units digit of 40/2 - (-5)/r?
9
Suppose -4*j = 25 + 11. Let k = 7 - j. What is the tens digit of k?
1
What is the tens digit of (140 + 7)/(3/2)?
9
Suppose 2 + 74 = 4*a. Suppose -2*p + a = t, t + 25 = -p + 3*p. Let m = 18 - p. What is the units digit of m?
7
Let q be -3*(0 + -3 + 2). Suppose 4*f + 2*u = 20, -4*u + 25 = 2*f + q*f. What is the units digit of f?
5
Suppose 0 = -9*a + 10*a - 65. What is the units digit of a?
5
Suppose -2 = m - 0*m. Let u be ((-10)/(-8))/(m/(-8)). Suppose 0*t + 2*x = -2*t + 54, -u*x = -25. What is the tens digit of t?
2
Let o(v) = -v**2 - 3*v + 2*v + 2 - 1. Let s = -4 + 3. What is the units digit of o(s)?
1
Suppose 3*j = 5*x - 22, 0*j = 4*x + 5*j + 12. Let v(f) = x - 2*f + 2*f**3 + 3*f**3 - 2*f**2 - 3*f**3. What is the units digit of v(2)?
6
Suppose -4*w = -w + m - 32, 3*m - 26 = -2*w. Let r = w + 5. Suppose -3*a + 3 = -r. What is the units digit of a?
6
Let p = 80 - 36. Suppose 2*n - p = -2*n. What is the tens digit of n?
1
Let q be ((-15)/(-3) - 4) + -5*1. Suppose -3*p - 6 = -24. What is the units digit of 15/p*q/(-5)?
2
Let d be -4*(16/4)/(-8). Suppose 0 = -g - 3 - 3. What is the units digit of d*((-21)/g - 3)?
1
Let x = -22 - -38. What is the units digit of x?
6
Let s = 7 + -7. Suppose -7 = -z - s*h + 4*h,